+ 138 = 3*x, x - 8 = -13*l + 8*l. Calculate the greatest common factor of 18354 and x.
38
Let g(j) = j - 1. Let i(m) = 13*m + 53. Let b(c) = 2*g(c) - i(c). Let n be b(-23). What is the highest common factor of n and 36?
18
Let d be 4 + 1538/(7 - (9 + -4)). Let z = d - 435. What is the highest common divisor of z and 104?
26
Let l = 849 + -484. Let w be (8/(-28))/(-5*(-2)/(-2555)). What is the greatest common factor of w and l?
73
Let m be (-340)/(-4)*(0 + 1). Let n(q) = q**2 - 68*q - 985. Let p be n(81). What is the highest common factor of p and m?
17
Let t(o) = -2*o**3 - 3*o**2 - 3*o - 2. Let j be t(-2). Let u be -1 - -280 - (-52 + 1050/30). What is the highest common factor of j and u?
8
Let f = -6255 - -6981. What is the greatest common divisor of 99 and f?
33
Suppose -141 = -4*j + 795. Let u(g) = 8*g + 28. Let b be u(-10). Let v = 70 + b. Calculate the greatest common factor of j and v.
18
Let c = -6740 - -7793. Calculate the highest common divisor of c and 156.
39
Let d be (1 - 1) + 891 + (61 - 56). Let t = d + -686. Calculate the highest common factor of 42 and t.
42
Suppose -30 = 5*q - 8*q. Let z be (0 - 60)/(-6)*(-75)/(-10). What is the greatest common factor of q and z?
5
Let m be 2/10*321 - (-9)/(-45). Let c(n) = -2*n**2 - 38*n - 154. Let j be c(-13). What is the greatest common divisor of j and m?
2
Let u be ((-450)/(-125) + -2)/(48/(-50) - -1). Let j be 24/(-5)*(-55 - -5). Calculate the highest common divisor of j and u.
40
Let h = 1109 - 1097. Let q(c) = -86*c - 2. Let m = 2 + -3. Let d be q(m). Calculate the greatest common factor of h and d.
12
Let r = 19327 - 19323. Suppose 0 = -2*s + 17 + 167. Calculate the greatest common factor of r and s.
4
Let c = -4488 - -4545. Calculate the highest common factor of c and 183.
3
Let o be 3/(3 - 0)*(-4 + 39). Let c be ((-672)/o)/(3/(-20)). What is the greatest common divisor of c and 224?
32
Let p = -1561 + 1564. What is the highest common divisor of p and 1?
1
Suppose 15*r - 11*r = -4780. Let j = -683 - r. Suppose -5*f + 3*y + j = 0, f + f - 208 = 2*y. What is the greatest common divisor of f and 25?
25
Let m(u) = -2*u**3 - 1. Let l be m(-2). Suppose -2*y + l = a, 5*a + 2*y - 60 = 47. Suppose a = i - 7. What is the highest common factor of 20 and i?
10
Suppose 2 = -4*c + 10. Suppose -c*o = -0*o. Suppose -364 = -5*m - 4*d, -3*d + o*d = 12. Calculate the highest common divisor of 19 and m.
19
Let w(m) = -2970 - 14*m - 2*m + 2994. Let l be w(-7). What is the greatest common factor of l and 170?
34
Suppose -3*h - 352 = -7*h. Let d(l) = -7*l**2 + 482*l + 1003. Let s be d(-2). What is the greatest common divisor of h and s?
11
Let m(f) = 11*f**2 - 163*f + 943. Let j be m(6). What is the highest common factor of 779 and j?
19
Let n = 134 - 114. Suppose -5*j + 3 - 13 = 0, 5*p - 18 = -j. Suppose 0 = -v - 3*u + 6*u + 59, -3*v - p*u = -138. What is the highest common factor of v and n?
10
Let f(b) = 9*b + 284. Let x be f(-31). Suppose -4*c + x*i + 4641 = -0*i, 2*c = -i + 2331. What is the greatest common factor of c and 12?
12
Suppose 4*p + 52*l = 57*l + 216, -2*l + 90 = 2*p. What is the greatest common factor of 1323 and p?
49
Let z = -716 - -748. Let j be (0 - (-2)/(-2)) + 16 + 1. Calculate the greatest common factor of z and j.
16
Let q(g) = g**2 - 2*g - 24. Let r be q(-5). Let x = 3 - -65. Let k = x - -119. Calculate the highest common divisor of r and k.
11
Let f(h) = -h**3 + 7*h**2 + 81*h + 19. Let z be f(-6). What is the highest common divisor of 107 and z?
1
Let x be (168/20)/(6/1050). Suppose 123*n = 128*n - x. What is the greatest common factor of 28 and n?
14
Let o = -6 - -4. Let z = 7 + o. Let y = -5775 - -5800. What is the highest common divisor of y and z?
5
Suppose -4*u - 50 = -9*u. Suppose -70 = 3*p - 118. What is the highest common divisor of u and p?
2
Let y be (6 + (-112)/(-8))*23. Calculate the greatest common divisor of y and 2990.
230
Suppose -2*a = -11*a - 315. Let k be (-301)/a - 2/(-5). Suppose -k = -8*m + 31. What is the highest common factor of 40 and m?
5
Suppose -65*b + 25167 = -3953. Calculate the greatest common divisor of 144 and b.
16
Suppose 29*y = 28*y + v + 1188, 0 = 4*y - v - 4752. Let q be y/154*28/6. Calculate the highest common factor of q and 252.
36
Suppose 19 - 163 = -3*n. Let z = n + -41. Let u = 95 - z. What is the highest common divisor of 8 and u?
8
Let g(h) = 366*h**2 - 5*h + 4. Let m be g(1). Let w = m - 329. What is the highest common divisor of 18 and w?
18
Suppose -21*m + 26*m - 2*j = 92373, -3*m = 5*j - 55430. What is the greatest common factor of 25 and m?
25
Suppose 0*j = -2*j - 6. Let f be -60*(9/j)/6. Calculate the highest common divisor of 270 and f.
30
Let h(a) = a**3 - 65*a**2 + 59*a + 322. Let q be h(64). What is the greatest common factor of q and 566?
2
Suppose 0 = -o - 4 + 12. Suppose -5*v + 19 = d, -4*d + 12 = 4*v - 80. What is the highest common factor of d and o?
8
Suppose 0 = 3268*f - 3247*f - 17661. What is the highest common factor of f and 116?
29
Let h be 2/(-4) + (-24185)/(-14)*1. Let l be h/7 - 25/(1050/(-12)). What is the greatest common factor of 52 and l?
13
Let k = 8443 + -4851. What is the greatest common divisor of 8 and k?
8
Let t = 108 - 108. Suppose 6*d - 572 - 1780 = t. Calculate the greatest common factor of 56 and d.
56
Let i(r) = r**3 + 22*r**2 + 34*r + 1553. Let p be i(-22). Calculate the greatest common divisor of p and 4347.
161
Let x(m) = -2*m + 14. Let o be x(12). Let d = o + 18. Let l be 6/d*588/7. What is the highest common divisor of l and 21?
21
Let y(j) = -19*j**2 - 58*j - 1. Let t be y(-3). Calculate the greatest common divisor of 118 and t.
2
Suppose -14*l - 45 = 11. Let v(a) = 8*a**2 + 22*a - 18. Let m be v(l). Calculate the greatest common factor of 319 and m.
11
Suppose -u - 3*u + 22 = -p, 0 = 3*u + 4*p - 7. Let k be 12*(-808)/(-72)*90/24. Calculate the highest common divisor of u and k.
5
Let i = -713 + 844. Suppose 6*h - 31 = i. Calculate the highest common divisor of h and 4.
1
Let j(h) = 3*h**2 - 68*h + 323. Let d be j(5). Calculate the highest common divisor of d and 1537.
29
Suppose 0*a + 727 = 5*a - f, 3*f - 719 = -5*a. Calculate the highest common divisor of 115 and a.
5
Suppose 15 = -3*k + 4*k - 3*i, -k - 2*i = 10. Suppose k = 39*c - 83 - 346. Calculate the greatest common divisor of 44 and c.
11
Let b be -7 - (6/(-5) - (449616/30)/19). Calculate the highest common divisor of 18 and b.
9
Let h = -72 + 84. Suppose y - 5*y = h. Let j be (-1 + (-67)/y)*12. What is the greatest common factor of j and 32?
32
Let w(b) = -9*b + 3. Let r be w(-5). Let j be 339*((-22)/(-26) + 4/26). Let u = j - 303. What is the highest common factor of u and r?
12
Suppose 0 = 22*g + 3*g. Suppose g = -10*b + 557 - 17. Calculate the highest common divisor of b and 2.
2
Let h = -126 + 56. Let g = -18 - h. What is the highest common divisor of g and 156?
52
Suppose -21*c = -7871 + 584. Calculate the greatest common factor of 8 and c.
1
Let w be 180 + 9 + 1*3. Let n be (-1)/(0 - (3/6 - 1)). Let d be n*70/(-5) + -4. Calculate the highest common factor of d and w.
24
Let n(w) = -2*w**3 + 95*w**2 + 360*w + 43. Let j be n(51). Calculate the greatest common divisor of 7742 and j.
98
Suppose -2*r - 5*n + 3 = -27, -4 = -4*r + 4*n. Let q(t) = t**2 + 27*t - 144. Let o be q(r). What is the highest common factor of 368 and o?
16
Let z be 190/6 - (-2)/(-3). Suppose -17 = -j + z. Let g = 22995 + -22931. What is the highest common divisor of g and j?
16
Let n be 5488/182 + -1 - (-4)/(-26). Suppose n = x - 0*x. Let r(o) = -6*o - 7. Let b be r(-6). What is the greatest common factor of b and x?
29
Let p(f) = -8*f + 63. Let k be p(-4). Suppose -28*d + 31*d = 57. Calculate the highest common divisor of d and k.
19
Suppose -1507 - 29987 = -210*i + 29*i. Let l = -50 - -108. What is the greatest common factor of l and i?
58
Let r be 6/((-5)/(79100/(-30))). What is the greatest common divisor of 56 and r?
28
Let b be (-1)/3 - 570/(-9). Suppose 0 = -2*r - 5*y + 51, -b = -r - 3*r + 3*y. Let j = 60 - 33. Calculate the greatest common divisor of r and j.
9
Let l = -42 + 114. Suppose 448*d - 36 = 436*d. Calculate the highest common divisor of l and d.
3
Suppose -5*z - 3*q - 149 = 0, 2*z + 3*q - 2*q = -59. Let a = z + 31. Suppose 3*h = -a, 15